(q) a prime number?
True
Is (-45)/(-6) + -6 - 1963756/(-8) a composite number?
False
Suppose 12*b - 3*x - 1929 = 9*b, -4 = -4*x. Let n = -262 + b. Is n prime?
False
Let p(b) be the first derivative of b**2/2 + 223*b - 4. Suppose 5*g = -4*s - 0*s, 2*s - 4*g = 0. Is p(s) a composite number?
False
Let w(i) = -16884*i + 11. Is w(-10) composite?
False
Let w be (((-108)/(-15))/6)/((-6)/(-20)). Suppose -13892 = -w*b + 33936. Is b a prime number?
False
Let g(c) = 68*c**2 + 127*c - 2327. Is g(60) a composite number?
True
Let g(n) = 319*n**2 + 12*n - 25. Let k(q) = 2*q**2 + 22*q + 60. Let m be k(-4). Is g(m) a composite number?
True
Let j = -2371 - -8164. Is j a composite number?
True
Let n(t) = -t - 15. Let f be n(-21). Let y = 6 + f. Suppose y*x + 326 = 14*x. Is x prime?
True
Let u = -21 + 15. Let n(q) = -138*q**2 - q - 39. Let p(h) = -68*h**2 - 19. Let r(o) = 2*n(o) - 5*p(o). Is r(u) composite?
False
Let x = 64 + -83. Let r = 19 + x. Suppose -3*g - 58 + 619 = r. Is g composite?
True
Suppose 49*k = 45*k - 5*y + 892144, 12 = 3*y. Is k composite?
True
Let r = 6 + 4. Let i be r/3 - 2/6. Suppose i*c - 11417 - 8995 = -v, -2*v - 27226 = -4*c. Is c composite?
True
Let p(r) = 450*r**2 + 10*r - 343. Is p(-16) a prime number?
False
Let f(v) = -v**3 - 8*v**2 - 5*v - 9. Let u be -8 + (15/(-5))/(-3). Let c be f(u). Let r = 894 + c. Is r composite?
True
Suppose 0*b - 4*f + 20 = -b, 28 = -4*b + 3*f. Let x(y) = y**3 + 4*y**2 + 3*y + 12. Let z be x(b). Is (15/30)/(2/2216 + z) composite?
True
Let p(t) = -t**2 + 21*t + 7. Let d be p(8). Let w = 200 + d. Is w a prime number?
True
Let y(b) = -7072*b**3 - 4*b**2 - 2*b + 1. Is y(-1) composite?
True
Suppose 6248 = -5*s - 2*x - 15396, 0 = -3*x - 6. Let j = s - -6270. Is j a prime number?
False
Is (-1796)/3*46/((-1288)/147) a prime number?
False
Suppose -2109 = -2*s + 5*g, -4 + 2 = -2*g. Is s a composite number?
True
Suppose -11*s - 10 = -s, 3*l - 712645 = 4*s. Is l prime?
True
Suppose -3191 = 6*r - 7*r - 5*l, 0 = -2*l + 4. Suppose 2198 - 6435 = -4*c - n, 3*c - r = -4*n. Is c prime?
False
Let p(x) = -2342*x + 21. Let w be p(1). Let z = 3300 + w. Is z a prime number?
False
Suppose 62 = -k + 65. Suppose 5 + 3 = 2*c + 4*j, 3*c - 1 = 5*j. Is c/(-7) + ((-1062)/(-42) - k) prime?
False
Let g = 147 + -91. Suppose 11324 = -g*z + 60*z. Is z composite?
True
Let a(y) = 232*y. Let i be a(12). Suppose -s + i = 325. Is s a composite number?
False
Suppose -32 = 14*p + 10. Is p + (-8)/(1*5/(-2045)) a prime number?
False
Let f(b) = 997*b**3 - 8*b**2 + 42*b + 11. Is f(5) a prime number?
False
Suppose -17*k = 42757 - 369276. Is k a prime number?
True
Suppose -8*m + 19 + 13 = 0. Suppose -3*i + 2444 = 2*t, -5*t + m*i + 132 = -5955. Is t a prime number?
False
Let o = 388 - 807. Let c = 399 - o. Is c a prime number?
False
Let i(f) = -f**2 + 21. Let y be i(0). Let a(q) = -3*q + 68. Let b be a(y). Suppose 0 = 2*m + m + d - 4395, 3*d = -b*m + 7325. Is m prime?
False
Is (9/(90/95))/(2/7388) a composite number?
True
Suppose 2*b = -3*z + 53, -4*z + 108 = 5*b - 28. Let m = b + -32. Is 734 - -2*1*(-6)/m prime?
False
Suppose -129 + 509 = 10*a. Let n be 3/18 + a/(-12). Is (-167)/(-3 + 5 + (n - 0)) composite?
False
Suppose 33*y - 12 = 30*y. Suppose 5*u - y*c - 1767 = 0, 4*u - 1410 = c + c. Let o = u - 128. Is o prime?
True
Suppose 65*k - 108*k = -4165195. Is k composite?
True
Suppose 26*h = 4*h + 10714. Is h a prime number?
True
Let k(g) = -9*g - 88. Let c(p) = -3*p + 1. Let l(z) = 2*c(z) + k(z). Is l(-7) a composite number?
False
Is (-5)/35 + 66117/((-70)/(-8) + -7) prime?
True
Suppose 71*b - 15859993 = 9*b + 1332421. Is b composite?
False
Suppose -2*h - 3*o - 6 - 8 = 0, -3*o - 35 = 5*h. Let r be 24/84 - (-156)/h. Is (-4)/r + (-845)/(-11) a prime number?
False
Let v(u) = -u**2 - 6*u + 29. Let a be v(-8). Suppose 0 = -a*g + 20*g - 1582. Is (7 + -4)*g + 3 prime?
False
Let p(s) = 85*s**3 + 27*s**2 - 54*s + 97. Is p(18) prime?
True
Suppose 8*r - 2947 = 8589. Suppose r + 1707 = k. Is k a composite number?
True
Suppose 135*w = 130*w. Suppose -3*v + 2727 = g, 2*g + 4*v - 4480 - 970 = w. Is g a composite number?
True
Suppose -5*h + 0*h + 4*m + 1115 = 0, 2*m = 2*h - 446. Is h a composite number?
False
Let b be (-18)/15*(1 + (-34)/(-6)). Let n(w) = -77*w + 10. Let h be n(b). Suppose -1579 = -5*z - 3*j, 3*z + 4*j - h = 328. Is z prime?
False
Let r be -1*3 - (-13)/(104/(-224)). Let t(w) = w**3 + 36*w**2 + 54*w + 72. Is t(r) composite?
False
Suppose 0 = -13*j - 140012 + 110205 + 381366. Is j prime?
True
Let p(i) = -3438*i - 1. Let a(z) = z + 26. Let s be a(-24). Suppose s*h + 3 = -h. Is p(h) composite?
True
Suppose 1548457 = 63*l - 639060 + 563503. Is l a prime number?
False
Let y be ((-6)/4)/((-33)/88). Suppose -5*d - 2*b + y*b = -1632, -3*d + 992 = 2*b. Let i = 1099 - d. Is i a prime number?
False
Suppose -3*o + 223 = 4*l - 3978, o = -3*l + 3152. Suppose -7*q + l = -10702. Is q a prime number?
False
Suppose -a + 2 + 3 = 0. Suppose -a*l - 31576 = -l. Is l/(-30) - 10/75 a composite number?
False
Let l = 477 + -450. Is (-3)/l + 516040/63 prime?
True
Let a(d) = -d**3 + d**2 - d + 1. Let x(v) = -32*v**3 + 3*v - 2. Let w(l) = -2*a(l) - x(l). Let t = -111 - -113. Is w(t) a composite number?
True
Let q(p) = -12*p + 34*p - 15*p + 2 - 8*p**2 - p**3. Let x be q(-7). Let n = 142 + x. Is n prime?
False
Let x(i) = 10*i - 70. Let k be x(7). Suppose -9*g + 4872 + 64167 = k. Is g prime?
False
Let y be (-17445)/(-9)*(7 + -4). Is (y/(-10))/((-7)/14) a prime number?
True
Let o = -10560 - -79765. Is o a composite number?
True
Suppose 20723643 = 48*t + 48*t - 21796005. Is t composite?
True
Let j be (-31 + 26)*(1 - 2). Suppose -j*u = 2*x - 138619 + 43020, 5*x = -15. Is u a composite number?
False
Let b(u) = -2*u**3 - 12*u**2 - 21*u - 4. Let x be b(-6). Let i = x - 146. Is 88/i - -4 - 1265/(-3) a composite number?
True
Let c(z) be the second derivative of -425*z**3/6 - 57*z**2/2 + z + 1. Is c(-11) composite?
True
Let d(j) = 8*j**3 - 13*j**2 - 3*j - 10. Suppose 3*s = 19*s - 320. Let t be d(s). Suppose t = 3*f + 11*f. Is f prime?
False
Suppose -53*b - 8 = -52*b + 2*d, -b - d - 3 = 0. Let q = 1719 + -835. Suppose b*o - j = 1919 + q, 5*j - 1374 = -o. Is o a prime number?
True
Let z(l) = l**3 + 9*l**2 - 10*l - 5. Suppose 4*d - 2*g + 48 = 0, 2*d - 7*d + 3*g - 60 = 0. Let x be z(d). Is x/(-2)*(-12)/(-6) a composite number?
False
Let r be (-2)/(-11) + 26/(-22) - -15. Let n(s) = -s**2 + 16*s + 9. Let b be n(r). Let l = b - -842. Is l composite?
True
Is ((-2161918)/33)/(26/(-273)) a composite number?
True
Let g be 383*(-57 + (-4 - -4)). Let w = g - -36414. Is w prime?
False
Let v(w) be the second derivative of -w**5/5 - 5*w**4/12 - 19*w**3/6 - 13*w**2/2 + 18*w + 1. Is v(-9) a prime number?
False
Suppose 2*l + 4 = -4*d + 12, 0 = -3*l + 3*d + 3. Suppose 5*c + 26 = 3*p, 12 = -4*c - p - l. Is (1 - 322/c)/(5/110) composite?
True
Let p(u) = -7*u + 21. Let a be p(10). Let s = 51 + a. Suppose 60 = s*w - 262. Is w composite?
True
Suppose -2*k + 15 = 9. Suppose 0 = 2*h + k*z + 4307, h + 2*z - 890 = -3041. Let s = h + 3100. Is s composite?
True
Let c(x) be the first derivative of 61*x**3 - 27*x**2/2 + 31*x + 11. Let u(d) be the first derivative of c(d). Is u(8) prime?
False
Suppose -243*u = -242*u + 10054. Let k = u - -17597. Is k composite?
True
Suppose -518766 = -3*y - 3*c, 32*c + 345823 = 2*y + 31*c. Is y composite?
True
Let b = 137 + -137. Let t(i) = i**3 + 1901. Is t(b) a prime number?
True
Let a = 17081 + 4502. Is a a composite number?
True
Let d = 1228186 - 852867. Is d composite?
True
Let f(g) = g**3 + 2*g**2 - 25*g + 8. Let y be f(-6). Is 12410/y - (-5 + 186/42) a composite number?
False
Is (9/(72/(-2999648)))/((-10)/(-45)*-6) a prime number?
False
Let t(b) = 3*b - 1. Let i be t(1). Let c be i + 11/((-22)/8). Is 2050 - (c + 5 + -6) a composite number?
False
Suppose 55 = 3*j - 5*c, 0 = -j - 5*c - 1 + 6. Let w = -10 + j. Suppose -23939 = -4*o + w*a, -2*a - 4 = 2. Is o composite?
False
Let n(v) = -2*v**2 + 5*v + 56. Let d be n(-20). Let x = 1563 + d. Is x prime?
True
Suppose -t + 3*c = -168949 - 59368, 0 = -3*t + 2*c + 684909. Is t composite?
False
Let i = -1292 + 852. Let g = i + 1501. Is g prime?
True
Suppose u - 98 = -107. Let z(j) = -2*j**3 - 16*j - 13. Is z(u) a prime number?
False
Let p(c) = c + 1.